69 a composite number?
True
Is 6092239385 prime?
False
Is 3036526201 a prime number?
False
Is 337874550103 prime?
True
Is 140741879 composite?
False
Is 749051903 a composite number?
False
Is 454906447 prime?
True
Is 776240351 a composite number?
False
Is 1454999981 prime?
True
Is 447675223 a prime number?
True
Is 30110767 a prime number?
True
Is 196746929 a prime number?
False
Is 3754826971 a composite number?
True
Is 938608799 a composite number?
True
Is 28057724423 composite?
False
Is 506643374 a composite number?
True
Is 61672653197 prime?
False
Is 13731719231 composite?
False
Is 23104442957 prime?
True
Is 2165230955 composite?
True
Is 114439343 composite?
False
Is 35690077 a composite number?
False
Is 1444193761 a prime number?
True
Is 9125670199 composite?
False
Is 7266944089 a prime number?
False
Is 732430189 a composite number?
True
Is 1395144053 a prime number?
True
Is 1304139939 prime?
False
Is 7404051605 a composite number?
True
Is 180657667 composite?
True
Is 314812493 a prime number?
False
Is 7617397 a prime number?
True
Is 6919684207 prime?
True
Is 3041803691 composite?
True
Is 315232447 composite?
False
Is 686528473 composite?
True
Is 10818651905 a prime number?
False
Is 2459931553 prime?
True
Is 7619557873 a composite number?
False
Is 23003468731 composite?
False
Is 302500668811 a prime number?
False
Is 1835690359 a prime number?
True
Is 105794754803 prime?
True
Is 32726695357 a prime number?
False
Is 70620879077 composite?
True
Is 8061028709 prime?
False
Is 27445022441 a composite number?
False
Is 1119418837 prime?
True
Is 217789919 composite?
False
Is 83817890447 a prime number?
True
Is 66798558097 a composite number?
False
Is 526168039 composite?
False
Is 43630530677 a composite number?
True
Is 32769644101 prime?
False
Is 356262437 a prime number?
True
Is 12745460731 prime?
True
Is 16851175643 prime?
False
Is 1015220279 prime?
False
Is 2318057299 prime?
True
Is 435655517 composite?
True
Is 3815259046 composite?
True
Is 609472231 a composite number?
False
Is 62954981303 a prime number?
False
Is 3535090733 a prime number?
False
Is 86539021 a prime number?
True
Is 18934781641 prime?
False
Is 4997531647 a composite number?
False
Is 5855278201 prime?
True
Is 23185208441 composite?
False
Is 1128962623 a composite number?
True
Is 1086326911 a prime number?
False
Is 21645898021 a composite number?
True
Is 112466353 a composite number?
True
Is 17558834543 prime?
False
Is 94628311 a composite number?
False
Is 262941767 a prime number?
False
Is 4637274281 prime?
True
Is 1577068523 a prime number?
True
Is 317649139 composite?
False
Is 555941261 composite?
False
Is 85949696213 composite?
False
Is 2501304371 composite?
True
Is 55275127 prime?
True
Is 431872957 a composite number?
False
Is 2022025571 composite?
False
Is 4848861083 prime?
False
Is 977463709 a composite number?
False
Is 15547088569 prime?
True
Is 7234950269 a prime number?
True
Is 2696252891 composite?
False
Is 348958147 composite?
False
Is 291402983 composite?
False
Is 99146221 a composite number?
False
Is 126892243 a prime number?
True
Is 41486828267 a composite number?
False
Is 9219738791 a prime number?
True
Is 91709556331 prime?
True
Is 184358933 prime?
False
Is 2256598915 a prime number?
False
Is 10194798974 a composite number?
True
Is 20336417989 composite?
False
Is 46426415857 a composite number?
False
Is 417130213 composite?
True
Is 7563506089 a composite number?
False
Is 6041067457 a composite number?
False
Is 9163810959 a prime number?
False
Is 1657673909 composite?
True
Is 249572273 composite?
True
Is 4581749 prime?
False
Is 1834472821 composite?
False
Is 2235565861 composite?
True
Is 6977610341 composite?
True
Is 19458026593 a composite number?
False
Is 4205262521 prime?
False
Is 12185538595 composite?
True
Is 4015857773 composite?
False
Is 1242231503 composite?
False
Is 8959343901 prime?
False
Is 7051590577 a prime number?
True
Is 1927476377 composite?
False
Is 345699381 prime?
False
Is 1029679487 prime?
True
Is 22625533157 prime?
True
Is 14491106213 composite?
True
Is 4154497 composite?
False
Is 30129631723 a prime number?
True
Is 1344823399 a prime number?
False
Is 4258609423 prime?
True
Is 580130833 a composite number?
True
Is 7761977827 a prime number?
False
Is 438571255 a prime number?
False
Is 46123824211 composite?
True
Is 1496888161 a composite number?
True
Is 45969914687 prime?
True
Is 95207057069 a composite number?
True
Is 845257331 a prime number?
True
Is 566039631 a prime number?
False
Is 3480916799 composite?
False
Is 13387091437 prime?
True
Is 3110804555 a composite number?
True
Is 145660748357 composite?
False
Is 486931903 prime?
True
Is 2125499791 a prime number?
True
Is 2134150597 composite?
False
Is 703887451 prime?
False
Is 678002189 a composite number?
False
Is 4530483461 prime?
False
Is 6874223117 a prime number?
False
Is 2291541403 a composite number?
True
Is 3437466667 a prime number?
False
Is 162301177 composite?
False
Is 768493139 a prime number?
False
Is 395810083 a composite number?
False
Is 29761245641 prime?
True
Is 1507477 a prime number?
False
Is 49790411023 a composite number?
True
Is 1691505401 a prime number?
True
Is 5922634337 prime?
True
Is 17736011 composite?
False
Is 17643560239 composite?
True
Is 6357608531 composite?
True
Is 12463067329 a prime number?
False
Is 549356917 composite?
False
Is 5445110977 a composite number?
False
Is 733877281 prime?
True
Is 1077946774 a composite number?
True
Is 50910152929 a prime number?
True
Is 194941673 a composite number?
False
Is 162925751 a prime number?
True
Is 424347551 composite?
True
Is 9347380829 a composite number?
True
Is 23882681993 a composite number?
False
Is 589886401 a composite number?
True
Is 905692607 prime?
True
Is 19942608815 composite?
True
Is 18380148179 composite?
True
Is 171862399 a composite number?
False
Is 13294840619 prime?
False
Is 160577733319 a prime number?
False
Is 2399368069 composite?
True
Is 1037204947 a prime number?
False
Is 6597930263 composite?
True
Is 2763557023 composite?
False
Is 16943572237 a prime number?
True
Is 3145813003 prime?
False
Is 2152545277 prime?
True
Is 29085749281 a composite number?
True
Is 843235577 composite?
True
Is 62265331 prime?
True
Is 639983956385 prime?
False
Is 3517869899 prime?
False
Is 5886026231 a prime number?
True
Is 54923262911 a prime number?
False
Is 4131564233 prime?
False
Is 259947353 prime?
False
Is 11946300755 prime?
False
Is 15002726033 prime?
True
Is 323317081 a prime number?
True
Is 386374621 a prime number?
True
Is 1104448181 a prime number?
True
Is 2187664747 prime?
False
Is 14231506763 a composite number?
False
Is 2756133629 a prime number?
False
Is 3963699737 prime?
True
Is 18484829501 a composite number?
False
Is 12344262701 composite?
True
Is 1063510627 a prime number?
True
Is 115195634555 a composite number?
True
Is 488893583 a composite number?
False
Is 106835241179 a prime number?
True
Is 323364155 prime?
False
Is 37300223557 prime?
True
Is 26721575917 a prime number?
True
Is 2056806613 a composite number?
False
Is 329057863 a prime number?
True
Is 21668153623 a composite number?
True
Is 9757928833 prime?
False
Is 1429737877 a prime number?
True
Is 1544776819 a composite number?
True
Is 959829587 a composite number?
False
Is 33902254123 composite?
True
Is 4103440871 a composite number?
False
Is 5702327089 composite?
True
Is 353967403301 a composite number?
False
Is 141212246921 composite?
False
Is 2707598623 prime?
False
Is 7119277307 a composite number?
False
Is 9922582697 a composite number?
True
Is 3496835437 a composite number?
False
Is 1221298763 prime?
True
Is 719294957 a prime number?
False
Is 3215315827 a prime number?
False
Is 46103719733 a prime number?
True
Is 430879201 a composite number?
False
Is 853830503 a composite number?
False
Is 8635250255 prime?
False
Is 12668500673 a prime number?
False
Is 9737179953 prime?
False
Is 9086743133 prime?
False
Is 3946845989 a composite number?
True
Is 2940067171 a prime number?
True
Is 8686367 composite?
True
Is 2529745069 a composite number?
True
Is 545137741 composite?
False
Is 76830882299 composite?
False
Is 5245869235 a composite number?
True
Is 706161481 composite?
True
Is 4823589671 composite?
True
Is 2825444969 composite?
False
Is 696